 hundreds digit of 44438?
4
What is the units digit of 181224?
4
What is the units digit of 1840?
0
What is the units digit of 782?
2
What is the tens digit of 25002?
0
What is the hundreds digit of 167?
1
What is the tens digit of 8922?
2
What is the thousands digit of 9851?
9
What is the units digit of 2761?
1
What is the thousands digit of 22752?
2
What is the units digit of 6686?
6
What is the units digit of 66075?
5
What is the thousands digit of 8070?
8
What is the tens digit of 5693?
9
What is the hundreds digit of 58988?
9
What is the hundreds digit of 3146?
1
What is the hundreds digit of 21808?
8
What is the units digit of 5093?
3
What is the units digit of 1634?
4
What is the tens digit of 769?
6
What is the tens digit of 10044?
4
What is the thousands digit of 4792?
4
What is the thousands digit of 1672?
1
What is the tens digit of 635?
3
What is the units digit of 513?
3
What is the units digit of 2269?
9
What is the hundreds digit of 8643?
6
What is the thousands digit of 3128?
3
What is the hundreds digit of 2868?
8
What is the units digit of 138645?
5
What is the units digit of 5102?
2
What is the thousands digit of 76854?
6
What is the units digit of 190?
0
What is the thousands digit of 4716?
4
What is the thousands digit of 17690?
7
What is the tens digit of 930?
3
What is the ten thousands digit of 29918?
2
What is the tens digit of 11119?
1
What is the tens digit of 33521?
2
What is the ten thousands digit of 38676?
3
What is the hundreds digit of 33997?
9
What is the tens digit of 1918?
1
What is the tens digit of 2093?
9
What is the units digit of 8755?
5
What is the tens digit of 6573?
7
What is the units digit of 2696?
6
What is the hundreds digit of 24038?
0
What is the tens digit of 663?
6
What is the ten thousands digit of 70300?
7
What is the thousands digit of 5846?
5
What is the hundreds digit of 9346?
3
What is the thousands digit of 1546?
1
What is the hundreds digit of 938?
9
What is the hundreds digit of 4281?
2
What is the tens digit of 18491?
9
What is the hundreds digit of 6010?
0
What is the units digit of 61201?
1
What is the tens digit of 21313?
1
What is the hundreds digit of 105895?
8
What is the units digit of 60030?
0
What is the units digit of 75764?
4
What is the units digit of 376?
6
What is the units digit of 17241?
1
What is the units digit of 249?
9
What is the hundreds digit of 43913?
9
What is the tens digit of 5443?
4
What is the hundreds digit of 723?
7
What is the units digit of 1203?
3
What is the hundreds digit of 614?
6
What is the thousands digit of 2092?
2
What is the hundred thousands digit of 169316?
1
What is the hundreds digit of 17422?
4
What is the hundreds digit of 4171?
1
What is the hundreds digit of 16917?
9
What is the units digit of 2364?
4
What is the thousands digit of 39266?
9
What is the hundreds digit of 1305?
3
What is the hundreds digit of 1598?
5
What is the hundreds digit of 18451?
4
What is the units digit of 9545?
5
What is the thousands digit of 44818?
4
What is the ten thousands digit of 57838?
5
What is the units digit of 52362?
2
What is the hundreds digit of 150?
1
What is the thousands digit of 57144?
7
What is the hundreds digit of 34475?
4
What is the ten thousands digit of 40476?
4
What is the tens digit of 1722?
2
What is the hundreds digit of 23129?
1
What is the tens digit of 97600?
0
What is the thousands digit of 62138?
2
What is the units digit of 51791?
1
What is the hundreds digit of 9062?
0
What is the tens digit of 1423?
2
What is the tens digit of 8754?
5
What is the hundreds digit of 50457?
4
What is the thousands digit of 13680?
3
What is the thousands digit of 12667?
2
What is the hundreds digit of 1374?
3
What is the thousands digit of 18689?
8
What is the hundreds digit of 52913?
9
What is the tens digit of 351?
5
What is the hundreds digit of 14561?
5
What is the units digit of 607?
7
What is the hundreds digit of 106278?
2
What is the units digit of 45228?
8
What is the thousands digit of 1596?
1
What is the hundreds digit of 8152?
1
What is the hundreds digit of 6118?
1
What is the tens digit of 29?
2
What is the tens digit of 16488?
8
What is the units digit of 14?
4
What is the tens digit of 533?
3
What is the units digit of 851?
1
What is the hundreds digit of 9725?
7
What is the units digit of 6301?
1
What is the units digit of 6359?
9
What is the tens digit of 64439?
3
What is the units digit of 1071?
1
What is the units digit of 1753?
3
What is the hundreds digit of 16141?
1
What is the units digit of 11847?
7
What is the hundreds digit of 5252?
2
What is the units digit of 3355?
5
What is the tens digit of 375?
7
What is the units digit of 1483?
3
What is the thousands digit of 1206?
1
What is the units digit of 29345?
5
What is the units digit of 19098?
8
What is the hundreds digit of 802?
8
What is the tens digit of 7146?
4
What is the ten thousands digit of 118646?
1
What is the tens digit of 40002?
0
What is the tens digit of 27474?
7
What is the hundreds digit of 1368?
3
What is the units digit of 181?
1
What is the tens digit of 6522?
2
What is the units digit of 797?
7
What is the hundreds digit of 3374?
3
What is the thousands digit of 195906?
5
What is the units digit of 39531?
1
What is the units digit of 1493?
3
What is the hundreds digit of 151359?
3
What is the ten thousands digit of 18779?
1
What is the tens digit of 3164?
6
What is the thousands digit of 1780?
1
What is the hundreds digit of 3894?
8
What is the tens digit of 26079?
7
What is the tens digit of 180620?
2
What is the hundreds digit of 12489?
4
What is the tens digit of 18325?
2
What is the tens digit of 846?
4
What is the hundreds digit of 17865?
8
What is the units digit of 4833?
3
What is the hundreds digit of 18863?
8
What is the units digit of 8000?
0
What is the hundreds digit of 144832?
8
What is the tens digit of 675?
7
What is the units digit of 7082?
2
What is the thousands digit of 1393?
1
What is the hundreds digit of 5100?
1
What is the units digit of 377?
7
What is the units digit of 147306?
6
What is the hundreds digit of 915?
9
What is the tens digit of 2241?
4
What is the thousands digit of 1395?
1
What is the thousands digit of 4665?
4
What is the tens digit of 3145?
4
What is the thousands digit of 1178?
1
What is the units digit of 2172?
2
What is the units digit of 749?
9
What is the tens digit of 20219?
1
What is the units digit of 9470?
0
What is the hundreds digit of 3929?
9
What is the ten thousands digit of 33469?
3
What is the units digit of 959?
9
What is the hundreds digit of 127906?
9
What is the thousands digit of 8464?
8
What is the units digit of 430?
0
What is the tens digit of 625?
2
What is the ten thousands digit of 17392?
1
What is the units digit of 9164?
4
What is the units digit of 28449?
9
What is the units digit of 13500?
0
What is the tens digit of 21083?
8
What is the hundreds digit of 2191?
1
What is the tens digit of 4822?
2
What is the units digit of 6332?
2
What is the units digit of 863?
3
What is the units digit of 1212?
2
What is the hundreds digit of 41583?
5
What is the thousands digit of 3343?
3
What is the tens digit of 118208?
0
What is the tens digit of 46198?
9
What is the thousands digit of 32522?
2
What is the hundreds digit of 7867?
8
What is the tens digit of 839?
3
What is the hundreds digit of 531?
5
What is the hundreds digit of 795?
7
What is the units digit of 1051?
1
What is the hundreds digit of 468?
4
What is the units digit of 11144?
4
What is the units digit of 1508?
8
What is the units digit of 1225?
5
What is the units digit of 4334?
4
What is the tens digit of 8899?
9
What is the units digit of 11073?
3
What is the tens digit of 17023?
2
What is the ten thousands digit of 14273?
1
What is the tens digit of 45?
4
What is the tens digit of 655?
5
What is the tens digit of 2777?
7
What is the tens digit of 4521?
2
What is the thousands digit of 73428?
3
What is the units digit of 1269?
9
What is the tens digit of 25985?
8
What is the thousands digit of 53261?
3
What is the tens digit of 6212?
1
What is the units digit of 3447?
7
What is the hundreds digit of 190051?
0
What is the tens digit of 31158?
5
What is the thousands digit of 6024?
6
What is the tens digit of 971?
7